s digit of 12012750?
0
What is the tens digit of 12248473?
7
What is the hundred thousands digit of 3358834?
3
What is the millions digit of 2024584?
2
What is the units digit of 166929?
9
What is the hundreds digit of 206956?
9
What is the ten thousands digit of 6257981?
5
What is the ten thousands digit of 230630?
3
What is the hundred thousands digit of 359202?
3
What is the ten thousands digit of 2052126?
5
What is the hundred thousands digit of 151431?
1
What is the ten thousands digit of 6005913?
0
What is the tens digit of 5057009?
0
What is the millions digit of 5040061?
5
What is the millions digit of 1399719?
1
What is the hundreds digit of 143885?
8
What is the millions digit of 8791979?
8
What is the ten thousands digit of 2687576?
8
What is the hundred thousands digit of 1899956?
8
What is the units digit of 212777?
7
What is the hundred thousands digit of 316587?
3
What is the hundreds digit of 17715911?
9
What is the tens digit of 5352770?
7
What is the ten thousands digit of 378513?
7
What is the ten thousands digit of 888999?
8
What is the hundreds digit of 70646?
6
What is the tens digit of 302480?
8
What is the thousands digit of 4973466?
3
What is the tens digit of 953544?
4
What is the thousands digit of 711018?
1
What is the thousands digit of 60795?
0
What is the ten thousands digit of 7023553?
2
What is the hundreds digit of 720310?
3
What is the units digit of 1620658?
8
What is the tens digit of 327656?
5
What is the units digit of 1188254?
4
What is the hundreds digit of 6106172?
1
What is the hundreds digit of 209270?
2
What is the hundreds digit of 2006959?
9
What is the hundreds digit of 6554486?
4
What is the hundreds digit of 811841?
8
What is the ten thousands digit of 14270729?
7
What is the ten thousands digit of 2096070?
9
What is the millions digit of 1584389?
1
What is the thousands digit of 137055?
7
What is the tens digit of 3681679?
7
What is the units digit of 43165?
5
What is the thousands digit of 185268?
5
What is the thousands digit of 2636194?
6
What is the tens digit of 4587507?
0
What is the ten thousands digit of 172234?
7
What is the ten thousands digit of 183523?
8
What is the units digit of 2789288?
8
What is the thousands digit of 2198021?
8
What is the hundreds digit of 4532241?
2
What is the millions digit of 4885006?
4
What is the units digit of 5806117?
7
What is the hundreds digit of 4236249?
2
What is the millions digit of 27047323?
7
What is the thousands digit of 935783?
5
What is the units digit of 1478034?
4
What is the hundreds digit of 1215510?
5
What is the ten thousands digit of 2130370?
3
What is the hundred thousands digit of 305385?
3
What is the ten thousands digit of 423882?
2
What is the hundreds digit of 776131?
1
What is the tens digit of 4418512?
1
What is the ten thousands digit of 699827?
9
What is the tens digit of 900093?
9
What is the tens digit of 4501168?
6
What is the hundreds digit of 8662628?
6
What is the thousands digit of 933459?
3
What is the hundreds digit of 10296802?
8
What is the tens digit of 1713969?
6
What is the units digit of 3023394?
4
What is the units digit of 83514?
4
What is the thousands digit of 569436?
9
What is the millions digit of 1044713?
1
What is the hundreds digit of 4151153?
1
What is the hundred thousands digit of 357563?
3
What is the ten thousands digit of 11369462?
6
What is the units digit of 313111?
1
What is the hundred thousands digit of 2483786?
4
What is the millions digit of 4666217?
4
What is the ten thousands digit of 219106?
1
What is the ten thousands digit of 5495763?
9
What is the hundred thousands digit of 979750?
9
What is the hundred thousands digit of 521573?
5
What is the thousands digit of 424007?
4
What is the ten thousands digit of 268760?
6
What is the thousands digit of 1860252?
0
What is the units digit of 138535?
5
What is the ten thousands digit of 275191?
7
What is the units digit of 860477?
7
What is the ten thousands digit of 1606031?
0
What is the units digit of 4692966?
6
What is the thousands digit of 516861?
6
What is the hundred thousands digit of 300301?
3
What is the thousands digit of 222945?
2
What is the hundred thousands digit of 1402949?
4
What is the units digit of 5634966?
6
What is the units digit of 502534?
4
What is the tens digit of 116886?
8
What is the hundreds digit of 6445131?
1
What is the thousands digit of 1004607?
4
What is the ten thousands digit of 189119?
8
What is the hundreds digit of 18683?
6
What is the ten thousands digit of 54384?
5
What is the hundred thousands digit of 416624?
4
What is the hundreds digit of 181976?
9
What is the ten millions digit of 10065075?
1
What is the ten thousands digit of 10580236?
8
What is the hundreds digit of 1480730?
7
What is the hundreds digit of 936582?
5
What is the hundreds digit of 1928593?
5
What is the tens digit of 1119400?
0
What is the millions digit of 1245257?
1
What is the tens digit of 498434?
3
What is the thousands digit of 139591?
9
What is the thousands digit of 1889392?
9
What is the thousands digit of 3489547?
9
What is the hundreds digit of 1372152?
1
What is the ten thousands digit of 8274373?
7
What is the hundreds digit of 20904334?
3
What is the millions digit of 9515203?
9
What is the hundreds digit of 8320066?
0
What is the thousands digit of 56886?
6
What is the hundred thousands digit of 12523245?
5
What is the units digit of 464882?
2
What is the ten thousands digit of 492624?
9
What is the ten thousands digit of 169857?
6
What is the hundreds digit of 4314742?
7
What is the hundred thousands digit of 1186009?
1
What is the units digit of 19980?
0
What is the ten thousands digit of 3152683?
5
What is the tens digit of 158173?
7
What is the ten thousands digit of 284603?
8
What is the ten thousands digit of 3194284?
9
What is the thousands digit of 153879?
3
What is the hundreds digit of 895421?
4
What is the hundred thousands digit of 27031810?
0
What is the thousands digit of 140612?
0
What is the ten thousands digit of 223815?
2
What is the thousands digit of 136972?
6
What is the hundred thousands digit of 25025764?
0
What is the hundred thousands digit of 1294005?
2
What is the hundreds digit of 34810?
8
What is the hundreds digit of 17788381?
3
What is the units digit of 1488507?
7
What is the hundreds digit of 1794621?
6
What is the hundred thousands digit of 147286?
1
What is the thousands digit of 21215364?
5
What is the thousands digit of 267980?
7
What is the thousands digit of 163432?
3
What is the hundreds digit of 1219295?
2
What is the hundred thousands digit of 27618342?
6
What is the hundred thousands digit of 2297539?
2
What is the units digit of 397964?
4
What is the units digit of 5960507?
7
What is the tens digit of 648952?
5
What is the hundred thousands digit of 411227?
4
What is the units digit of 6386633?
3
What is the tens digit of 3200?
0
What is the ten thousands digit of 1184611?
8
What is the hundred thousands digit of 11173750?
1
What is the hundred thousands digit of 10361189?
3
What is the hundred thousands digit of 299900?
2
What is the tens digit of 585108?
0
What is the millions digit of 3109444?
3
What is the tens digit of 222501?
0
What is the ten thousands digit of 204308?
0
What is the units digit of 996426?
6
What is the ten thousands digit of 367674?
6
What is the hundreds digit of 6203337?
3
What is the ten thousands digit of 565580?
6
What is the hundreds digit of 672430?
4
What is the units digit of 2741403?
3
What is the hundreds digit of 149621?
6
What is the tens digit of 337828?
2
What is the tens digit of 31809129?
2
What is the thousands digit of 3001697?
1
What is the tens digit of 281515?
1
What is the thousands digit of 2865936?
5
What is the hundreds digit of 628557?
5
What is the units digit of 2112787?
7
What is the units digit of 11596080?
0
What is the units digit of 13080719?
9
What is the hundreds digit of 11522499?
4
What is the tens digit of 715239?
3
What is the ten thousands digit of 2461344?
6
What is the thousands digit of 6069?
6
What is the tens digit of 961291?
9
What is the thousands digit of 317737?
7
What is the hundred thousands digit of 1506212?
5
What is the ten thousands digit of 120570?
2
What is the ten thousands digit